p = 88 - 25. Suppose -3*s + p + 27 = 0. What is the units digit of s?
6
Let v(g) = -g**3 + 5*g**2 + g + 5. Let r be v(5). Let s = -17 + r. Let n = 16 + s. What is the units digit of n?
9
Let k(x) = 20*x. Let l be k(3). Suppose 0 = -2*t - t + l. What is the tens digit of t?
2
What is the units digit of 2/(-6) - (-1560)/36?
3
Let k = -1 + 3. Suppose k*c - 3*c = 3. What is the units digit of (c/6)/(2/(-4))?
1
Let i(v) be the first derivative of 8*v**3/3 - v**2/2 + v - 2. Let m(z) = -z + 5. Let p be m(4). What is the units digit of i(p)?
8
Let u(x) = -x**2 + x + 3. Let y be u(0). What is the units digit of 21/y*1 + 2?
9
Let c(h) = -h**2 + 4*h - 3. Let d(f) = f**3 + 8*f**2 + 7*f + 4. Let a be d(-7). Let w be c(a). What is the units digit of (-22)/(-6) + (-1)/w?
4
Let a(z) be the second derivative of -z**4/12 + 19*z**2/2 - z. Let f be a(0). Let n = f - 6. What is the units digit of n?
3
Let n(b) be the third derivative of -b**6/120 - b**4/24 - b**3/6 + 2*b**2. Let i be n(2). Let d = 16 + i. What is the units digit of d?
5
Suppose 0 = 5*q + 34 + 1. Let o = q - -15. What is the units digit of o?
8
Suppose -5*l + 2*l + 6 = 0. Let m be 2/(-2*1)*l. What is the units digit of (6/12)/(m/(-8))?
2
Let h be (3 + -2)/((-2)/(-4)). Suppose 0 = -h*u + 5*g + 32, 2*u = 7*u + 5*g - 10. Suppose -15 = -3*i + u. What is the units digit of i?
7
Suppose 5*s + 0*s - 25 = 0. Suppose -m = s*o - 25, 5*o - m = 2*m + 45. Let d = 14 + o. What is the tens digit of d?
2
Let n = 4 - 4. Let z(k) = -k - 3. Let d be z(n). Let b = 6 + d. What is the units digit of b?
3
Let h = -6 + 9. Let z be (30/25)/(h/(-10)). What is the units digit of (-18)/z - (-9)/6?
6
Suppose -13 = -5*s + 2. Suppose -a + 0 + s = 0. What is the units digit of a?
3
Suppose -6*b + 88 = -2*b. What is the units digit of b?
2
Suppose 0 = -4*m + 3*a - 234, -3*m + 0*m + 4*a = 172. Let g = -38 - m. What is the tens digit of g?
2
Suppose -3*x - 42 = -x. Let m be (-1)/5 - 88/10. Let d = m - x. What is the tens digit of d?
1
Suppose 2*n + 4*y - 14 = 0, -3*n + n = 5*y - 14. Suppose -z = -4*i - n, -i = 5*z + i - 57. Let p = z - 3. What is the units digit of p?
8
Let x be 2/(-10) - 64/(-20). Suppose -c - x*c = -4. Suppose -4*j + 3 = -c. What is the units digit of j?
1
Let o(m) = -3*m**3 - 3*m**2 - m + 2. Let a be o(-2). What is the units digit of 8/a - (-74)/4?
9
Let l be (-3)/(3/9 - 0). Let x(j) = -j. What is the units digit of x(l)?
9
Let r be ((-3)/(-2))/((-3)/(-8)). Let y = 6 - r. Suppose 0 = -0*b - 4*b + 20, 0 = y*x + 4*b - 24. What is the units digit of x?
2
Let b be ((-8)/12)/((-2)/6). Let d be (5 - 2)*b/2. What is the units digit of (2/d)/(8/84)?
7
Let h = -68 - -122. Suppose -2*a = -5*u + h, -3*a = u + a - 2. What is the units digit of u?
0
Let h = 21 - -21. What is the tens digit of h?
4
What is the tens digit of (-2)/(3 + (-350)/115)?
4
What is the hundreds digit of (-150)/20*138/(-5)?
2
Let c be ((-24)/(-5))/((-9)/(-60)). Suppose 0 - c = -4*k. What is the units digit of k?
8
What is the hundreds digit of (103 - -5) + 0 + -3?
1
Let r = -3 + 34. What is the units digit of r?
1
Let u(h) = -6*h - 45. What is the tens digit of u(-12)?
2
Let w(r) = -r**3 + 8*r**2 + 6*r - 4. What is the units digit of w(6)?
4
Let v be (-2 + 0 + 1)*0. Suppose 3*x - 6 = -v*x. Suppose k + x = 2*k. What is the units digit of k?
2
Let z = 11 - -24. What is the units digit of z?
5
Suppose 0 - 10 = o. Let z(w) = -56*w**2. Let y be z(-1). What is the units digit of 4/10 + y/o?
6
Let t be ((-70)/(-3))/((-2)/(-3)). Suppose -7 = 2*p - t. What is the tens digit of p?
1
Let f = -27 - -9. Suppose -3*b - 65 = 2*b. Let o = b - f. What is the units digit of o?
5
Let x be -4 + -26 - 2/2. Let u = -20 - x. What is the units digit of u?
1
What is the hundreds digit of ((-4)/((-16)/9))/(2/176)?
1
Suppose 3*c + 2 = -3*y + 2*c, 7 = -2*y + 5*c. What is the units digit of (0/1 - y) + 3?
4
Suppose 2*y = -35 + 131. What is the tens digit of y?
4
What is the units digit of (-2 - -6 - -47) + -3?
8
Suppose -l + 2*l + 9 = 0. Let u = l - -17. What is the units digit of u?
8
What is the units digit of -2 + 6 - (-13 - 2)?
9
What is the hundreds digit of 18 + 309 + (0 - 0)?
3
Suppose 0 = 3*z + v + 30 - 152, 3*z - 92 = 5*v. What is the tens digit of z?
3
Let s = 10 - 5. Suppose s*u + 2*r = 346, 4*r - 3 = 9. What is the tens digit of u/7 - 6/(-21)?
1
Suppose -4*s - 1 = -21. What is the units digit of s?
5
Let x(r) = r**3 + 7*r**2 - r - 5. Let z be x(-7). Suppose z*u + 18 = 2*f, -u + f + 3*f = 15. Let n = -5 - u. What is the units digit of n?
2
Let q(c) = -5*c**2 - c - 2. Let j(r) = -2*r**2 - r - 1. Let d(h) = 5*j(h) - 3*q(h). What is the units digit of d(1)?
4
Let r = -4 + 6. Suppose -3*w = r*w. Suppose -t = 1, 5*o + w*t = -5*t + 20. What is the units digit of o?
5
Suppose 3*d - 29 = -2. Let a = d - -3. What is the units digit of a?
2
Suppose a + 4*a = 230. What is the tens digit of a?
4
Let l(v) = -v**2 - 5*v - 2. Let k be l(-3). Let x(h) = -4*h + 6. Let g(s) = -7*s + 12. Let f(a) = 3*g(a) - 5*x(a). What is the units digit of f(k)?
2
Let x = 77 + -45. Suppose 4*l = -3*b + x, l = 3*b - b - 3. Suppose -i + 27 = -4*w + 2, 0 = b*w + 20. What is the units digit of i?
5
Let h = -85 - -133. What is the tens digit of h?
4
Suppose -10 = -0*b - 5*b. What is the units digit of 2/((-64)/36 + b)?
9
Let f = -4 - -8. Suppose 2*x = -3*p + 3 + 17, 5*p - 4 = f*x. What is the units digit of p?
4
Let m = 122 + -73. Let u = m + -28. What is the tens digit of u?
2
Let b(y) be the second derivative of y**3/2 - 9*y**2/2 + 6*y. What is the units digit of b(6)?
9
Let w = 328 + -111. What is the tens digit of w?
1
Let g = -31 + 34. Let k(i) = 3*i**2 + 4*i - 4. Let b be k(-4). Suppose 0 = 4*d + g*x - 36, -d + 0*x = -4*x - b. What is the units digit of d?
2
Let m = -7 + 4. Let v(x) = x**2 + 4*x + 2. Let z be v(m). Let j = z - -2. What is the units digit of j?
1
Suppose 3*c + 2*k - 22 = 0, k = -c - 2*c + 20. Let f(y) = y**3 + 6*y**2 - 4*y - 4. Let x be f(-6). What is the units digit of (9/6)/(c/x)?
5
Suppose -d + z = 4, -2*d + 4*z + 0 - 6 = 0. Let l = d + 3. What is the units digit of (-1)/l*(-18)/(-3)?
3
Suppose -4*x = -2*r + 163 - 39, 3*r - 184 = 4*x. What is the units digit of r?
0
Suppose 5 = t - k, t + 14 = 2*t - 4*k. Suppose 1 = -q, -q + 77 = t*i - 0*q. What is the tens digit of i?
3
Suppose 150 = 5*z + t, 0 = -0*z - 3*z + 3*t + 72. What is the units digit of z?
9
Let w(u) = -u**3 + 2*u + 3. Let r be w(-2). Let s = r + -4. Suppose -2*q - 5 = -q + 3*k, k - 25 = -s*q. What is the tens digit of q?
1
Let t(f) = -3*f - 8 + 4*f + 0. Let o be t(9). What is the tens digit of (-2 + -2)*o*-4?
1
Suppose b - 30 = 5*r, -3 = 4*b + 5*r + 2. Suppose -5*g = -v + 24, -4*v + b*g = -v - 42. What is the units digit of v?
9
Suppose a = -5*h + 9, -3*a - 3*h = -0*h + 9. Let o(k) = 0 + 9 - k - 8. What is the units digit of o(a)?
7
Suppose 4*i - 3*i + 5 = 0. Let c = i - -9. What is the units digit of c?
4
Let p be (-5)/(-3)*2*-15. Let d = -34 - p. What is the units digit of d?
6
Let u = 53 + -22. What is the units digit of u?
1
Let q(p) be the third derivative of p**4/12 - p**3/3 - 2*p**2. Let a be q(2). Suppose -9 = -3*r + a*y + 7, 0 = r - 5*y - 27. What is the units digit of r?
2
Let z = 275 - 113. What is the hundreds digit of z?
1
Let l(s) = 58*s. What is the tens digit of l(1)?
5
Suppose 0 = 3*d + 2*g - 638 - 36, -2*g = 5*d - 1118. What is the tens digit of d?
2
Suppose 2*i + 14 = v, 3*v = i + 2*i + 27. Suppose 8 = h + v. What is the units digit of h?
4
Suppose -15*i + 465 = -10*i. What is the tens digit of i?
9
Suppose -80 - 890 = -10*v. What is the tens digit of v?
9
Let n(a) = a - 3. Let j be n(7). Suppose 6*y = j*y + 98. What is the tens digit of y?
4
Let j(k) = k**2 - 4. Let x be (-2)/(-3) - (-8)/6. Suppose -x*l = -8 + 2. What is the units digit of j(l)?
5
Let a(c) = 4*c**2 - 3*c + c + 1 + 0*c. Suppose 4*t = -0*t + 4. What is the units digit of a(t)?
3
Let j = 6 - -59. What is the tens digit of j?
6
Let u = 338 - 221. What is the hundreds digit of u?
1
Let k be ((-1)/2)/(2/(-16)). Suppose 0 = -k*j - 0*j + 28. What is the units digit of j?
7
Let o(p) = -p**2 - 7*p. Let y be o(-7). Let m = y + -5. Let g = -4 - m. What is the units digit of g?
1
Suppose y = -2*y - z + 8, -2*y - 4 = -4*z. Suppose 34 = 6*x - 2*x 